{"id":279,"date":"2023-12-12T20:55:09","date_gmt":"2023-12-12T18:55:09","guid":{"rendered":"https:\/\/bicicleteriaalacant.es\/?page_id=279"},"modified":"2026-01-09T21:01:58","modified_gmt":"2026-01-09T19:01:58","slug":"avisos-legales","status":"publish","type":"page","link":"https:\/\/bicicleteriaalacant.es\/index.php\/avisos-legales\/","title":{"rendered":"Avisos legales"},"content":{"rendered":"<h1 class=\"wp-block-heading\">Avisos legales<\/h1>\r\n\r\n\r\n\r\n<p>El responsable de esta p\u00e1gina web es: GABRIEL ALEJANDRO CORONEL, con C.I.F. 50508011B y domicilio social en C\/ Martin Luther King, 13, c\u00f3digo postal 03010, ALICANTE (ALICANTE).<\/p>\r\n<p style=\"text-align: left;\">Tambi\u00e9n puedes contactarnos a trav\u00e9s de las siguientes formas:<\/p>\r\n<ul>\r\n<li style=\"text-align: left;\"><a href=\"https:\/\/wa.me\/648821055\" target=\"_blank\" rel=\"noopener\"><img data-recalc-dims=\"1\" loading=\"lazy\" decoding=\"async\" class=\"alignnone size-full wp-image-41\" src=\"https:\/\/i0.wp.com\/bicicleteriaalacant.es\/wp-content\/uploads\/2022\/05\/social-1_square-whatsapp.png?resize=32%2C32&#038;ssl=1\" alt=\"\" width=\"32\" height=\"32\" \/><\/a> Por tel\u00e9fono o <a href=\"https:\/\/wa.me\/648821055\" target=\"_blank\" rel=\"noopener\">Whatsapp <\/a><span style=\"font-size: 1em;\"> 648 82 10 55<\/span><\/li>\r\n<li style=\"text-align: left;\"><a href=\"https:\/\/www.facebook.com\/Bicicleter%C3%ADa-Gaby-100772455924658\/\" target=\"_blank\" rel=\"noopener\"><img data-recalc-dims=\"1\" loading=\"lazy\" decoding=\"async\" class=\"alignnone size-full wp-image-24\" src=\"https:\/\/i0.wp.com\/bicicleteriaalacant.es\/wp-content\/uploads\/2022\/05\/social-1_square-facebook.png?resize=32%2C32&#038;ssl=1\" alt=\"\" width=\"32\" height=\"32\" \/><\/a>\u00a0 \u00a0<a href=\"https:\/\/www.instagram.com\/bicicleteriaalacant\/\" target=\"_blank\" rel=\"noopener\"><img data-recalc-dims=\"1\" loading=\"lazy\" decoding=\"async\" class=\"alignnone size-full wp-image-26\" src=\"https:\/\/i0.wp.com\/bicicleteriaalacant.es\/wp-content\/uploads\/2022\/05\/social-1_square-instagram.png?resize=32%2C32&#038;ssl=1\" alt=\"\" width=\"32\" height=\"32\" \/><\/a> \u00a0\u00a0<a href=\"https:\/\/twitter.com\/Bicicleteriaalc\" target=\"_blank\" rel=\"noopener\"><img data-recalc-dims=\"1\" loading=\"lazy\" decoding=\"async\" class=\"alignnone size-full wp-image-25\" src=\"https:\/\/i0.wp.com\/bicicleteriaalacant.es\/wp-content\/uploads\/2022\/05\/social-1_square-twitter.png?resize=32%2C32&#038;ssl=1\" alt=\"\" width=\"32\" height=\"32\" \/><\/a>\u00a0<span style=\"font-size: 1em;\">A<\/span> trav\u00e9s de nuestras  &hellip;<br \/><br \/><a href=\"https:\/\/bicicleteriaalacant.es\/index.php\/avisos-legales\/\"><span class=\"btn btn-default\">Seguir leyendo<span class=\"meta-nav\">&rarr;<\/span><\/span><\/a><\/li><\/ul>","protected":false},"excerpt":{"rendered":"<p>Avisos legales El responsable de esta p\u00e1gina web es: GABRIEL ALEJANDRO CORONEL, con C.I.F. 50508011B y domicilio social en C\/ Martin Luther King, 13, c\u00f3digo postal 03010, ALICANTE (ALICANTE). Tambi\u00e9n puedes contactarnos a trav\u00e9s de las siguientes formas: Por tel\u00e9fono &hellip;<\/p>\n<p><a href=\"https:\/\/bicicleteriaalacant.es\/index.php\/avisos-legales\/\"><span class=\"btn btn-default\">Seguir leyendo<span class=\"meta-nav\">&rarr;<\/span><\/span><\/a><\/p>\n","protected":false},"author":2,"featured_media":0,"parent":0,"menu_order":0,"comment_status":"closed","ping_status":"open","template":"page-templates\/about_page.php","meta":{"om_disable_all_campaigns":false,"_monsterinsights_skip_tracking":false,"_monsterinsights_sitenote_active":false,"_monsterinsights_sitenote_note":"","_monsterinsights_sitenote_category":0,"footnotes":""},"class_list":["post-279","page","type-page","status-publish","hentry"],"aioseo_notices":[],"featured_image_src":null,"jetpack-related-posts":[],"jetpack_sharing_enabled":false,"jetpack_likes_enabled":false,"_links":{"self":[{"href":"https:\/\/bicicleteriaalacant.es\/index.php\/wp-json\/wp\/v2\/pages\/279","targetHints":{"allow":["GET"]}}],"collection":[{"href":"https:\/\/bicicleteriaalacant.es\/index.php\/wp-json\/wp\/v2\/pages"}],"about":[{"href":"https:\/\/bicicleteriaalacant.es\/index.php\/wp-json\/wp\/v2\/types\/page"}],"author":[{"embeddable":true,"href":"https:\/\/bicicleteriaalacant.es\/index.php\/wp-json\/wp\/v2\/users\/2"}],"replies":[{"embeddable":true,"href":"https:\/\/bicicleteriaalacant.es\/index.php\/wp-json\/wp\/v2\/comments?post=279"}],"version-history":[{"count":3,"href":"https:\/\/bicicleteriaalacant.es\/index.php\/wp-json\/wp\/v2\/pages\/279\/revisions"}],"predecessor-version":[{"id":370,"href":"https:\/\/bicicleteriaalacant.es\/index.php\/wp-json\/wp\/v2\/pages\/279\/revisions\/370"}],"wp:attachment":[{"href":"https:\/\/bicicleteriaalacant.es\/index.php\/wp-json\/wp\/v2\/media?parent=279"}],"curies":[{"name":"wp","href":"https:\/\/api.w.org\/{rel}","templated":true}]}}

<h1 class="wp-block-heading">Avisos legales</h1>



<p>El responsable de esta página web es: GABRIEL ALEJANDRO CORONEL, con C.I.F. 50508011B y domicilio social en C/ Martin Luther King, 13, código postal 03010, ALICANTE (ALICANTE).</p>
<p style="text-align: left;">También puedes contactarnos a través de las siguientes formas:</p>
<ul>
<li style="text-align: left;"><a href="https://wa.me/648821055" target="_blank" rel="noopener"><img data-recalc-dims="1" loading="lazy" decoding="async" class="alignnone size-full wp-image-41" src="https://i0.wp.com/bicicleteriaalacant.es/wp-content/uploads/2022/05/social-1_square-whatsapp.png?resize=32%2C32&#038;ssl=1" alt="" width="32" height="32" /></a> Por teléfono o <a href="https://wa.me/648821055" target="_blank" rel="noopener">Whatsapp </a><span style="font-size: 1em;"> 648 82 10 55</span></li>
<li style="text-align: left;"><a href="https://www.facebook.com/Bicicleter%C3%ADa-Gaby-100772455924658/" target="_blank" rel="noopener"><img data-recalc-dims="1" loading="lazy" decoding="async" class="alignnone size-full wp-image-24" src="https://i0.wp.com/bicicleteriaalacant.es/wp-content/uploads/2022/05/social-1_square-facebook.png?resize=32%2C32&#038;ssl=1" alt="" width="32" height="32" /></a>   <a href="https://www.instagram.com/bicicleteriaalacant/" target="_blank" rel="noopener"><img data-recalc-dims="1" loading="lazy" decoding="async" class="alignnone size-full wp-image-26" src="https://i0.wp.com/bicicleteriaalacant.es/wp-content/uploads/2022/05/social-1_square-instagram.png?resize=32%2C32&#038;ssl=1" alt="" width="32" height="32" /></a>   <a href="https://twitter.com/Bicicleteriaalc" target="_blank" rel="noopener"><img data-recalc-dims="1" loading="lazy" decoding="async" class="alignnone size-full wp-image-25" src="https://i0.wp.com/bicicleteriaalacant.es/wp-content/uploads/2022/05/social-1_square-twitter.png?resize=32%2C32&#038;ssl=1" alt="" width="32" height="32" /></a> <span style="font-size: 1em;">A</span> través de nuestras  &hellip;<br /><br /><a href="https://bicicleteriaalacant.es/index.php/avisos-legales/"><span class="btn btn-default">Seguir leyendo<span class="meta-nav">&rarr;</span></span></a></li></ul>

<p>Avisos legales El responsable de esta página web es: GABRIEL ALEJANDRO CORONEL, con C.I.F. 50508011B y domicilio social en C/ Martin Luther King, 13, código postal 03010, ALICANTE (ALICANTE). También puedes contactarnos a través de las siguientes formas: Por teléfono &hellip;</p>
<p><a href="https://bicicleteriaalacant.es/index.php/avisos-legales/"><span class="btn btn-default">Seguir leyendo<span class="meta-nav">&rarr;</span></span></a></p>
