{"id":267,"date":"2023-10-22T18:21:08","date_gmt":"2023-10-22T16:21:08","guid":{"rendered":"https:\/\/bicicleteriaalacant.es\/?page_id=267"},"modified":"2023-12-12T21:06:41","modified_gmt":"2023-12-12T19:06:41","slug":"nuestras-redes","status":"publish","type":"page","link":"https:\/\/bicicleteriaalacant.es\/index.php\/nuestras-redes\/","title":{"rendered":"Nuestras redes"},"content":{"rendered":"<h1>Nuestras redes<\/h1>\n<div class=\"juicer-feed\" data-feed-id=\"bicicleteriaalacant\"><\/div>\n<p>&nbsp;<\/p>\n<p>No dudes en pasarte por nuestra tienda en la calle Martin Luther King n\u00ba 13, 03010 Alacant, Alicante. Estaremos encantados de contarte m\u00e1s detalles sobre este servicio.<\/p>\n<div class=\"mapouter\">\n<div class=\"gmap_canvas\">\n<p>&nbsp;<\/p>\n<p style=\"text-align: left;\">Tambi\u00e9n puedes contactarnos a trav\u00e9s de las siguientes formas:<\/p>\n<ul>\n<li style=\"text-align: left;\"><a href=\"https:\/\/wa.me\/648821055\" target=\"_blank\" rel=\"noopener\"><img data-recalc-dims=\"1\" loading=\"lazy\" decoding=\"async\" class=\"alignnone size-full wp-image-41\" src=\"https:\/\/i0.wp.com\/bicicleteriaalacant.es\/wp-content\/uploads\/2022\/05\/social-1_square-whatsapp.png?resize=32%2C32&#038;ssl=1\" alt=\"\" width=\"32\" height=\"32\" \/><\/a> Por tel\u00e9fono o <a href=\"https:\/\/wa.me\/648821055\" target=\"_blank\" rel=\"noopener\">Whatsapp <\/a><span style=\"font-size: 1em;\"> 648 82 10 55 &hellip;<br \/><br \/><a href=\"https:\/\/bicicleteriaalacant.es\/index.php\/nuestras-redes\/\"><span class=\"btn btn-default\">Seguir leyendo<span class=\"meta-nav\">&rarr;<\/span><\/span><\/a><\/span><\/li><\/ul><\/div><\/div>","protected":false},"excerpt":{"rendered":"<p>Nuestras redes &nbsp; No dudes en pasarte por nuestra tienda en la calle Martin Luther King n\u00ba 13, 03010 Alacant, Alicante. Estaremos encantados de contarte m\u00e1s detalles sobre este servicio. &nbsp; Tambi\u00e9n puedes contactarnos a trav\u00e9s de las siguientes formas: &hellip;<\/p>\n<p><a href=\"https:\/\/bicicleteriaalacant.es\/index.php\/nuestras-redes\/\"><span class=\"btn btn-default\">Seguir leyendo<span class=\"meta-nav\">&rarr;<\/span><\/span><\/a><\/p>\n","protected":false},"author":2,"featured_media":0,"parent":0,"menu_order":0,"comment_status":"closed","ping_status":"closed","template":"page-templates\/about_page.php","meta":{"om_disable_all_campaigns":false,"_monsterinsights_skip_tracking":false,"_monsterinsights_sitenote_active":false,"_monsterinsights_sitenote_note":"","_monsterinsights_sitenote_category":0,"footnotes":""},"class_list":["post-267","page","type-page","status-publish","hentry"],"aioseo_notices":[],"featured_image_src":null,"jetpack-related-posts":[],"jetpack_sharing_enabled":true,"jetpack_likes_enabled":true,"_links":{"self":[{"href":"https:\/\/bicicleteriaalacant.es\/index.php\/wp-json\/wp\/v2\/pages\/267","targetHints":{"allow":["GET"]}}],"collection":[{"href":"https:\/\/bicicleteriaalacant.es\/index.php\/wp-json\/wp\/v2\/pages"}],"about":[{"href":"https:\/\/bicicleteriaalacant.es\/index.php\/wp-json\/wp\/v2\/types\/page"}],"author":[{"embeddable":true,"href":"https:\/\/bicicleteriaalacant.es\/index.php\/wp-json\/wp\/v2\/users\/2"}],"replies":[{"embeddable":true,"href":"https:\/\/bicicleteriaalacant.es\/index.php\/wp-json\/wp\/v2\/comments?post=267"}],"version-history":[{"count":5,"href":"https:\/\/bicicleteriaalacant.es\/index.php\/wp-json\/wp\/v2\/pages\/267\/revisions"}],"predecessor-version":[{"id":290,"href":"https:\/\/bicicleteriaalacant.es\/index.php\/wp-json\/wp\/v2\/pages\/267\/revisions\/290"}],"wp:attachment":[{"href":"https:\/\/bicicleteriaalacant.es\/index.php\/wp-json\/wp\/v2\/media?parent=267"}],"curies":[{"name":"wp","href":"https:\/\/api.w.org\/{rel}","templated":true}]}}